at is -11 + 111001101000011010100010?
111001101000011010011111
In base 14, what is -5 + -1261558?
-126155d
In base 2, what is -100010011 - -1000110001000111?
1000101100110100
In base 8, what is 21320553 + 14?
21320567
In base 13, what is -a4a - 7b29b?
-7c018
In base 3, what is 1000101000002101 - 11?
1000101000002020
In base 5, what is -30 - -12214010003?
12214004423
In base 6, what is 10 - -21332241454?
21332241504
In base 9, what is 23573 - -27?
23611
In base 14, what is 4c0 + 4a?
52a
In base 4, what is 2201030120302 - -10?
2201030120312
In base 16, what is 62baf8 - -1?
62baf9
In base 7, what is -145353 + 11116?
-134234
In base 6, what is 4241205335 - -1?
4241205340
In base 3, what is 201 + 101210210212?
101210211120
In base 2, what is 111110001011001101000000 - -1?
111110001011001101000001
In base 10, what is 3 + -1054918?
-1054915
In base 2, what is 10011010111 - -1001011011111?
1011110110110
In base 10, what is 245287 + -1233?
244054
In base 9, what is 2556 - -2774?
5441
In base 8, what is 2567412 - -243?
2567655
In base 12, what is -a80 - 1ba27?
-208a7
In base 4, what is 1233300 - -230021?
2123321
In base 7, what is 40306341105 + -1?
40306341104
In base 6, what is 231 + 50550?
51221
In base 4, what is -22 + 203122101?
203122013
In base 7, what is -3410 - -2224150?
2220440
In base 13, what is 91ca7 - -3?
91caa
In base 6, what is 5 + -441505345?
-441505340
In base 10, what is -489 + 448430?
447941
In base 11, what is 0 - 19a14681?
-19a14681
In base 9, what is -1011578 + -717?
-1012406
In base 7, what is -1025 + 22665?
21640
In base 13, what is 1a72b0 + -4a?
1a7263
In base 6, what is 1 + -2053543?
-2053542
In base 8, what is -51 + -11247014?
-11247065
In base 14, what is -4 - -741245?
741241
In base 13, what is -14b78b - -5?
-14b786
In base 15, what is 5e84 - -32a?
62ae
In base 4, what is -2001 - 30331332002?
-30332000003
In base 9, what is -248 + -16744?
-17103
In base 13, what is 3c467c - -83?
3c4732
In base 12, what is -35536b00 - 2?
-35536b02
In base 13, what is 1c94 - 708c?
-50c8
In base 15, what is 2491ed - 5?
2491e8
In base 12, what is 13 + -6aa9b74?
-6aa9b61
In base 4, what is 11220013 + 10301?
11230320
In base 11, what is 32 + -829392?
-829360
In base 2, what is 1101110111 + -1111111010011?
-1110001011100
In base 15, what is a + -5799046?
-579903b
In base 16, what is -27743f - -10?
-27742f
In base 2, what is 10000 - 10011110010100110100000?
-10011110010100110010000
In base 16, what is 1c686 + f?
1c695
In base 14, what is -483ca4 + -15?
-483cb9
In base 11, what is 0 - -11269aa32?
11269aa32
In base 11, what is -3598 + -29a?
-3887
In base 14, what is -6 - 77285?
-7728b
In base 16, what is -1379b88 - -6?
-1379b82
In base 6, what is -11332353054 - 4?
-11332353102
In base 15, what is 64ee34 - -9?
64ee3d
In base 11, what is 165 + -52a46?
-52891
In base 12, what is 42 - -bb67?
bba9
In base 15, what is -2 - -90c62c?
90c62a
In base 12, what is -61 + -5a48b33?
-5a48b94
In base 4, what is -1012 + 12323333?
12322321
In base 10, what is -3 + 1260524?
1260521
In base 9, what is 11071761 + -3?
11071757
In base 4, what is 322200 + 10333202?
11322002
In base 6, what is -5 - -433145342?
433145333
In base 2, what is -1110000 - -10110101100100100?
10110101010110100
In base 8, what is 6 + -36466257?
-36466251
In base 15, what is -a12a0 - -3e0?
-a0db0
In base 10, what is -8 + 11150257?
11150249
In base 9, what is 33540733 + 3?
33540736
In base 4, what is -11221 + -10311000130?
-10311012011
In base 4, what is 1223131 + -2000221?
-111030
In base 13, what is -2a31 - 194?
-2bc5
In base 16, what is -407 + -ded?
-11f4
In base 15, what is 52d40c5 + 4?
52d40c9
In base 7, what is 220 + -463400?
-463150
In base 8, what is 5 - 24454765?
-24454760
In base 13, what is -5 + -bc3ba2?
-bc3ba7
In base 7, what is 5242422 - 1?
5242421
In base 11, what is -2 - 1a6938?
-1a693a
In base 5, what is -333134400 - 3?
-333134403
In base 15, what is 12a + 2802?
292c
In base 5, what is -12443020 - 4243?
-13002313
In base 9, what is -3 + -52345207?
-52345211
In base 4, what is 1201 + 21333022?
22000223
In base 15, what is -7249a47 + 5?
-7249a42
In base 15, what is -717db + 11?
-717ca
In base 4, what is 12311 - -201103011?
201121322
In base 7, what is -265560634 + -11?
-265560645
In base 12, what is 0 + 552b35?
552b35
In base 7, what is -24453 + -35003?
-62456
In base 8, what is -401013536 + -5?
-401013543
In base 8, what is -3 - -6112015?
6112012
In base 4, what is -1012200011 + 23?
-1012133322
In base 13, what is -2a + -c8b02c?
-c8b059
In base 6, what is 0 + -4003530505?
-4003530505
In base 7, what is 252224662 - 0?
252224662
In base 3, what is -211000121100010 + 20?
-211000121022220
In base 12, what is 0 - 24b40437?
-24b40437
In base 7, what is 315535663 - -5?
315536001
In base 7, what is 16002 + -2502366?
-2453364
In base 12, what is -14 - -32a624?
32a610
In base 11, what is 51 + 7600875?
7600916
In base 14, what is -31 + -24b4b1b?
-24b4b4c
In base 14, what is -1 + -583b2ca?
-583b2cb
In base 4, what is 33102321 - 1110100?
31332221
In base 4, what is 321 + 331213202?
331220123
In base 9, what is 5 - 286521?
-286515
In base 14, what is -1 - -bb4a3a7?
bb4a3a6
In base 14, what is 6a3 - 7ab0?
-740b
In base 8, what is 3 - -13074235?
13074240
In base 2, what is 11010011110010010100 - 111?
11010011110010001101
In base 10, what is -49291 - 266?
-49557
In base 11, what is 9 - -869155?
869163
In base 13, what is -26 + -142018?
-142041
In base 12, what is -33874979 - -2?
-33874977
In base 14, what is 4d9 + 2b89?
3284
In base 6, what is 10134 - 2101?
4033
In base 11, what is 30067a52 - 1?
30067a51
In base 5, what is 110012 + 104?
110121
In base 12, what is 2422b20 - -9?
2422b29
In base 13, what is 227c + -99?
21b3
In base 16, what is 100a42 + -1a?
100a28
In base 5, what is -130 - 2044010012?
-2044010142
In base 10, what is -15207 + 3441?
-11766
In base 11, what is -24511 + 7a72?
-1754a
In base 5, what is -114442200434 - -2?
-114442200432
In base 9, what is -1508206432 - 4?
-1508206436
In base 9, what is 5085 + 8?
5104
In base 6, what is -2212545 + -511?
-2213500
In base 5, what is -11131 + 404144?
343013
In base 16, what is f3 - 25a9?
-24b6
In base 6, what is 53241 - -12515?
110200
In base 13, what is -c4a3 + -256?
-c729
In base 16, what is 7 + -6706a8?
-6706a1
In base 4, what is -220 + 13221022?
13220202
In base 2, what is 1101011 + -11001011111100110110001?
-11001011111100101000110
In base 5, what is 201122 + -22210?
123412
In base 7, what is -124634200 + -1?
-124634201
In base 7, what is 22622 - 245?
22344
In base 6, what is -11131 - -3412420?
3401245
In base 6, what is -331 - -2124202?
2123431
In base 13, what is 96 - 33483?
-333ba
In base 11, what is -275a09 + -219?
-276127
In base 9, what is -6537 - 21442?
-28080
In base 3, what is 10 + 10210101011022?
10210101011102
In base 14, what is 25d6a8 - -3?
25d6ab
In base 11, what is -21 + -117530?
-117551
In base 8, what is 17523 - 101002?
-61257
In base 4, what is 221122100313 - 11?
221122100302
In base 6, what is 55 - 152535?
-152440
In base 5, what is -102 - 4301444300?
-4301444402
In base 2, what is 100 - 1000110000101111011001?
-1000110000101111010101
In base 15, what is 78768 - -3d?
787a6
In base 3, what is 1000 + -22121101220?
-22121100220
In base 6, what is -4101355501 + -30?
-4101355531
In base 5, what is 322223 + -2241?
314432
In base 4, what is -113121 - 3203?
-122330
In base 14, what is -1d - -369999?
36997a
In base 11, what is 1422a72 - -7?
1422a79
In base 3, what is 2200221112 - 1100001022?
1100220020
In base 10, what is -4 + 14925622?
14925618
In base 6, what is -13 + 14051433?
14051420
In base 7, what is -204360 + 123?
-204234
In base 11, what is 8 - 182a7882?
-182a7875
In base 4, what is -220203030320203 + 1?
-220203030320202
In base 16, what is 0 + 3cdf794?
3cdf794
In base 4, what is -33111230032 - 12?
-33111230110
In base 4, what is 13212 + 3232111233?
3232131111
In base 6, what is -12032231 + 5224?
-12023003
In base 13, what is 5544c0 + -25?
554498
In base 9, what is 1 - -7415401?
7415402
In base 11, what is 35333134 + -9?
35333126
In base 10, what is -10744194 + -8?
-10744202
In base 9, what is 454133 - 75?
454047
In base 15, what is 2d21 - -149?
2e6a
In base 5, what is 20 + 1211010340?
1211010410
In base 8, what is 230 